s**2 + 255*s - 1031. Is v(4) prime?
True
Suppose -h - 5303 = s, 2*s - h + 10602 = -2*h. Let j = -3662 - s. Is j a prime number?
True
Suppose -34*r = -10*r - 48. Suppose -3*c - o = -2517, r*c = 3*o - 1105 + 2783. Is c a composite number?
False
Let l(w) = 3*w**3 + 13*w**2 + 13*w + 33. Let d be l(-10). Let k = d + 1278. Let j = -228 - k. Is j prime?
False
Let z be (-12)/(-54) + (-15190)/(-9). Suppose -2*k + i + 1621 + z = 0, 3*k - 4*i - 4951 = 0. Is k a prime number?
True
Suppose 5*f - 886771 = -12*f. Is f a prime number?
True
Suppose 7 = -4*m + 3*k, -68*m + 2 = -73*m - 3*k. Let w = 7 + -23. Is 1357 + m/(52/w - -3) composite?
False
Suppose y - 5*c + 4685 = 6*y, -3*y - 5*c = -2805. Let a = y + 1717. Is a a composite number?
False
Let j = -38 - -32. Let w be (3974/(-6))/1*j. Suppose 2*f = -0*f + w. Is f prime?
True
Let b = -52289 + 93586. Is b composite?
True
Let q(i) = 64779*i**2 - 97*i + 95. Is q(1) composite?
True
Let u = -42 - -38. Let p be (1 - 3399)*(-2)/(u/(-3)). Let s = p + -2764. Is s prime?
True
Let z = 46908 + -11188. Suppose -z = -g + 9*g. Let m = 6528 + g. Is m composite?
False
Suppose 1796*l + 9330 = 1798*l. Let b = 3130 + l. Is b a composite number?
True
Suppose 0 = -619*m + 625*m + 52218. Is (1/3)/(17403/m - -2) prime?
True
Let r = 24670 + -16167. Is r a composite number?
True
Suppose 4*u - m = -21, -2*u = -0*u + 2*m + 18. Let z(t) be the first derivative of 8*t**3/3 + t**2/2 + 5*t - 39. Is z(u) a prime number?
False
Let t be -38 + 41 - (63113 + 0 + -2). Is t/(-72)*14/1 composite?
True
Let s(j) = 1918*j**2 + 30*j + 9. Is s(8) a composite number?
False
Is (671838/(-54))/(8*12/(-864)) a prime number?
True
Let q(j) = 4*j**3 + 24*j**2 - 30*j - 3. Suppose 90 = 5*v - 2*n - 3*n, 5*v + 3*n = 74. Is q(v) prime?
False
Suppose -57 = -3*c - 5*i, -3*i = i - 12. Suppose c*n - 46709 = n. Is n a prime number?
True
Is (1/3)/((-332)/(-150325284)) a prime number?
True
Let j be (1 - 0)/(0 + (-3)/3). Is j + (1 - -5) - -180 composite?
True
Suppose -i + 12080 = 5*r, -r + i + 1658 + 764 = 0. Is r a composite number?
False
Suppose 0 = -2*f - 25 + 33. Suppose -5*j - 5*a + 12200 + 6790 = 0, -2*a + 15200 = f*j. Is j prime?
False
Suppose -4743 - 395292 = -15*m. Is m composite?
False
Let h(z) = 3*z**3 - 109*z**2 - 100*z + 139. Is h(48) a prime number?
True
Suppose -13*g + 5916736 = 3*g. Is (g/49 - 3)/(2/14) a prime number?
True
Let r = -528233 - -759270. Is r prime?
False
Suppose 0 = 66*u - 71*u. Suppose u = 42*q - 44*q + 4*d + 1770, 3*d + 3 = 0. Is q a prime number?
True
Suppose 148*p = 153*p + 2*y - 579821, -347880 = -3*p + 3*y. Is p a prime number?
True
Let f(w) = 10*w + 48. Let s be f(-5). Let q be (-25239)/27 - s/(-9). Let j = 1678 + q. Is j prime?
True
Let x = 447 - 447. Suppose -17*c + 11*c + 67398 = x. Is c composite?
True
Is ((16 + -12)*1742667/18)/(38/57) composite?
False
Let y(x) = -7981*x - 2481. Is y(-10) composite?
True
Let w(u) = 79*u**2 - 161*u - 31. Is w(-20) prime?
False
Let d = 300 - 257. Suppose -32*u = -d*u + 51799. Is u prime?
False
Let a(c) = -169*c**3 - 22*c**2 + 128*c + 2. Is a(-20) a composite number?
True
Let r(m) = 266*m**2 - 7*m + 244. Is r(19) a prime number?
True
Let y be 5945/(-164) - 14/8. Let q = -105 + 74. Let z = q - y. Is z composite?
False
Is (-14)/(-4)*1266*4/12 a composite number?
True
Let x(g) = -299*g**3 - 6*g**2 - 9*g - 13. Let u be 6/((2 + 6/(-2))*2). Is x(u) a prime number?
False
Suppose -160*x = -185*x + 80575. Is x composite?
True
Let g(t) = 5*t**2 - 12*t + 14. Let d(y) = 0*y**2 - y**2 + 8*y - 33 - 5*y - 22*y. Let n be d(-16). Is g(n) prime?
False
Suppose 64 + 288 = 16*a. Suppose -5*q + 51174 = 4*b, -25*b - 2*q + 38377 = -a*b. Is b composite?
False
Let b(l) = l**3 + 22*l**2 + 36*l - 80. Let t be b(-20). Suppose t = -m - 5*r + 15271, 11*m - 15*m + r + 61000 = 0. Is m composite?
True
Suppose 11*p - 19 = 102. Suppose -6088 = -p*j - 357. Is j composite?
False
Is 9/(-21)*-2 - 7/(490/(-21960130)) a composite number?
False
Let t(g) = 124*g**3 - 21*g**2 - 42*g + 21. Is t(20) a composite number?
True
Let c = 0 - -3. Suppose q = c + 3. Suppose -429 = 3*h - q*h. Is h prime?
False
Suppose 228886 = 53*s - 32*s - 747131. Is s composite?
False
Suppose 5*c = 5*h - 7955, h - 6*h = -4*c - 6364. Let u = c - -3609. Is u prime?
False
Let u = 57 - 58. Let v be 3 - (1/u)/(6/3006). Let m = v - -293. Is m prime?
True
Let q(g) = 6052*g**2 - 36*g - 83. Is q(-4) prime?
True
Suppose 0 = -3*b + y + 5648003, -3*b = -14*y + 15*y - 5647999. Is b composite?
False
Let b = 105728 - 52779. Is b a prime number?
False
Suppose -3*a + 12*t = 7*t - 111531, -24*a = -3*t - 892470. Is a prime?
False
Let n(p) be the first derivative of 203*p**3 - 5*p**2 + 9*p + 93. Is n(-4) composite?
True
Let w(s) = -4*s - 2. Let z be w(-5). Let y = 8519 - 8522. Is (y*(-33)/z)/(2/2164) a prime number?
False
Let l be -3*(6 + -5 + 0). Is (l + 2)*(-4761 - 8) prime?
False
Let c(b) = 4*b**3 - 13*b**2 + 15*b + 47. Let d(p) = -20*p + 15. Let m be d(0). Is c(m) composite?
False
Let l be 86 - ((-33)/44)/((-1)/4). Let n = l - 79. Suppose r + 0*y - 3261 = n*y, 0 = -3*r - y + 9796. Is r prime?
False
Let y(k) = -17*k**2 + 9*k. Let j be y(6). Let f = -318 + 1171. Let g = f + j. Is g composite?
True
Suppose -12*a + 99 = -a. Suppose 15888 = -a*v + 5*v. Let l = -1955 - v. Is l prime?
True
Let h = 504226 + -229415. Is h a prime number?
True
Let b be ((-228)/204 - (-4)/34)*0. Suppose -5*a - 12 = -37. Suppose 102 - 469 = -2*t - a*l, t + l - 188 = b. Is t a composite number?
False
Let o be 18/(-21)*(-42)/9. Suppose 3*u - 5*u - 6 = -3*a, 0 = 5*a + o*u - 10. Suppose -3*n + 3*m + 6353 = 2*n, 4*n - 5084 = a*m. Is n prime?
False
Suppose 5 = -36*s + 31*s. Is (-570 - s)/(1/(-3)) a composite number?
True
Suppose -38*d = 1688315 - 35816077. Is d prime?
False
Suppose -27*g + 24*g = -6, 2*g + 5843 = 3*s. Is s a composite number?
False
Suppose -w + 2*t = -28685 - 51960, 0 = 5*w - 2*t - 403185. Is w a prime number?
False
Let l(u) = 68*u**3 + 16*u**2 - 49*u + 10. Is l(5) a prime number?
False
Let x be 223 + 20/(4/1). Suppose 3*v - 4205 = 2*u, 0 = 3*v + 5*u + x - 4468. Is v composite?
True
Let h(l) = 116*l**2 + 12*l - 37. Let t be h(6). Let j = t + -1254. Is j a prime number?
True
Is -13 + 2 + -67 + 22337 composite?
False
Suppose -5*a + 0*l + 5*l = 5, 0 = 3*a - 4*l. Let h be ((-3)/a)/(1/4). Suppose o - 1210 = h*r, -4*r = -o + r + 1208. Is o composite?
False
Let b = -117 - -120. Suppose 7*k = -5*g + b*k + 28, 34 = 5*g + 2*k. Is (10/(-15))/(g/6)*-586 a prime number?
True
Suppose -3*h = -3*q + 1158 - 4509, -4*h - 3*q = -4489. Suppose 2*z + 2*i = 3*i + 1111, -2*i + h = 2*z. Let a = z + 116. Is a a prime number?
True
Suppose -3*c + 4*t + 0*t = 11, t + 10 = 5*c. Let a(x) = -31 + 18 - 20*x**c - 2*x - 3*x**2 + 11. Is a(-3) prime?
False
Is 6/(-10)*(1434/239 - 592873/3) prime?
True
Suppose 3*m - 52 = -25. Let b(q) = q**3 - 10*q**2 + 9*q + 2. Let a be b(m). Suppose 326 = -0*l + a*l. Is l a composite number?
False
Let j(w) = w**2 - 5*w - 14. Let y be j(7). Let s(t) = t**3 - 11*t**2 + 15*t + 27. Let u be s(9). Suppose o = y, 1119 = 3*h - u*o + 5*o. Is h composite?
False
Suppose x - 4*x + 297300 = 0. Let l = -40 - -59. Suppose -n = l*n - x. Is n composite?
True
Suppose 290343 - 28576 = 53*v. Is v composite?
True
Suppose 2*x - 1647 - 354 = 5*q, -2*q = -5*x + 792. Let m = q - -988. Is m prime?
True
Let p(w) = 135 + 46*w - 41*w + 2*w**2 - 4*w - 33*w. Is p(-31) a composite number?
False
Let d(h) = -92*h + 26. Let g(z) = -2*z - 13. Suppose 0*a = w + 2*a - 3, 0 = -4*w - 4*a - 4. Let x be g(w). Is d(x) prime?
False
Let u = 581958 + -363229. Is u a prime number?
False
Let t(g) = -g**3 - 11*g**2 + 12*g. Let c be t(-12). Suppose c = 5*y - y + 5*n - 800, 4*n = -y + 211. Suppose -u = -742 - y. Is u a prime number?
True
Let b(f) = 37*f**2 + 3*f + 25. Suppose 5*a - 2*o = -3*o - 5, -5*o - 25 = 0. Suppose -p = a, -2*h + 5*p = 2*p + 14. Is b(h) composite?
True
Let u be (-19)/(-17) - (-4)/(-34). Let v be (-1)/(u/1) - 0. Is v/(-2)*398 - -3 prime?
False
Let x be (-2)/(-4)*4 - 5. Let a be x - (15 - 0)/(-3). Suppose -2*y - 2*k + 4754 = a*y, 4*k = -y + 1199. Is y a composite number?
False
Let j(y) = -316*y - 147. Suppose 8 - 58 = 5*h. Is j(h) a composite number?
True
Is 6/69 - (17 - (-27621520)/(-92)) composite?
True
Suppose 15*g - 5075 = -14*